
1
Suppose 0 = -4*f - 0*f - 4, 2*b = -f + 47. Suppose -60 = 3*p - 492. What is the highest common factor of p and b?
24
Let w = 25 + 73. What is the highest common factor of w and 42?
14
Let o(i) = 3*i**2 - 4*i + 4. Let p be o(6). Suppose 5*d - 44 = 4*m, -d = -12*m + 15*m - 5. Calculate the highest common divisor of p and d.
8
Let x(s) = s**3 - 4*s**2 - 3*s - 4. Let u be x(5). Suppose 240 = 5*w - 4*g, -w + 68 - 20 = -2*g. What is the highest common divisor of w and u?
6
Let r be (8/(-20))/((-1)/5). Suppose 4*c - 92 = -4*v, r*v + c - 60 = 6*c. Calculate the highest common factor of v and 75.
25
Let b = 57 - 37. Let x = 10 - 5. Suppose -x*f + 25 = -0*f. Calculate the greatest common factor of f and b.
5
Let c(a) be the second derivative of a - 5/6*a**3 + 0 - 1/12*a**4 + a**2. Let h be c(-4). Calculate the highest common divisor of h and 3.
3
Let t be (-4)/(-10)*5*2. Let g be (4/(-14))/(8/(-56)). Suppose l - g*n = 3*n, 0 = -l - 5*n + 40. What is the greatest common factor of t and l?
4
Let s(p) = -17*p - 1. Let y be s(1). Let d be 28/(-5) - 4/10. Let n = d - y. Calculate the greatest common divisor of n and 6.
6
Let k be (-15)/(-5) + 1*3. Let y = k + 6. What is the highest common divisor of 132 and y?
12
Let b = -13 + 23. Suppose -5*n + 2*y + 400 = 0, -91 + 11 = -n + 4*y. What is the highest common factor of n and b?
10
Let a(l) = -7*l - 7. Let p be a(-5). Suppose -6*x = -4*x + 4*m + 16, 0 = x - 3*m + p. Let n be (x/6)/(2/(-78)). What is the greatest common divisor of 13 and n?
13
Suppose 2*k - z - 603 = -3*k, 0 = -3*k + 5*z + 375. Calculate the greatest common factor of 24 and k.
24
Let s be 16/6*(-66)/(-8). What is the highest common divisor of s and 22?
22
Suppose 2*w + 3*w + 4*o + 374 = 0, 5*w + 3*o = -373. Let s be 3/(-9) + w/(-6). Calculate the highest common factor of 132 and s.
12
Suppose 668 = 4*h - p, 5*h - 2*p - 848 = -4*p. Let l be 1/(-4) + (-1843)/(-76). Calculate the greatest common factor of l and h.
24
Let s = -14 + 25. Let a = 14 - s. Suppose 3*l - 119 = -5*p, a*l + 2 = p - 11. What is the greatest common divisor of p and 242?
22
Let x(t) = 9*t - 19. Let k be x(5). What is the greatest common divisor of 39 and k?
13
Suppose 4*s - 257 = -33. Calculate the highest common factor of s and 28.
28
Suppose 0*j + 140 = 5*j. Suppose 0 = -s + 5*s - 16. Calculate the greatest common factor of s and j.
4
Let v be 6/(-27) + (-411)/(-27). Let c be 125/v + (-2)/(-3). Let p be (-652)/(-18) + (-4)/18. Calculate the highest common factor of c and p.
9
Let c(m) = 5*m**2 - m. Let z be c(-1). Suppose -2*q + 93 - 33 = 0. What is the highest common factor of z and q?
6
Suppose 0 = l + l. Suppose -4*z - z - 5*t = 15, -3*t - 9 = z. Let v be 4 - z/(l + -1). What is the greatest common factor of v and 36?
4
Let l(n) = -n**2 + 5*n + 5. Let d be l(4). What is the highest common divisor of 9 and d?
9
Let v be ((28/(-8))/7)/(3/(-228)). What is the greatest common divisor of 190 and v?
38
Suppose -3*q + 12 = -6*q, 0 = -p + 5*q + 59. What is the highest common divisor of p and 13?
13
Suppose 0*h + h = -o + 55, -3*h - 2*o + 166 = 0. Let m = 7 + h. Suppose 4*i + 49 = 3*n, 4*n + 2*i = 5*i + m. Calculate the greatest common divisor of n and 15.
15
Let m be (-34)/(-8) - 2/8. What is the greatest common divisor of 1 and m?
1
Suppose -2*s = -2, -4*s - 48 = -5*v - 7*s. What is the greatest common factor of v and 18?
9
Let y = 2 + 28. Let b be -3 - -3 - 2 - -37. Let a = 80 - b. What is the greatest common divisor of y and a?
15
Let l = 6 - -3. What is the highest common factor of l and 3?
3
Suppose -99 - 159 = -2*o. What is the greatest common divisor of o and 86?
43
Let o be 18/(-24) - (-94)/8. Calculate the highest common factor of o and 121.
11
Suppose -3*y + 0*y + 4*f + 106 = 0, 0 = -5*y + f + 154. Calculate the highest common divisor of y and 3.
3
Suppose 4*p = 3*p + 80. Calculate the highest common divisor of p and 16.
16
Let j be 34/8 - 3/12. Suppose -o = o - 4*n + 18, -1 = j*o - n. Let x be 2*o/((-1)/(-5)). Calculate the highest common factor of 110 and x.
10
Suppose -5*n - 2*c + 218 = 0, -c = 5*n + 4*c - 230. Suppose q + 42 = 3*q. Calculate the highest common factor of n and q.
21
Suppose -4*o - 52 + 507 = d, -4*o + 4*d + 480 = 0. Calculate the highest common factor of o and 46.
23
Suppose 6*u = u + 10. Let h be 866/6 + u/(-6). Let g(w) = 15*w**2 + 1. Let i be g(-1). What is the highest common factor of i and h?
16
Let w(t) = -14*t. Let y be w(-2). What is the greatest common divisor of 28 and y?
28
Suppose 3*m - 3*y - 18 = 0, m - 2*y - 3 - 7 = 0. Suppose 4 = m*i - 0*i. Let d(x) = 4*x. Let v be d(i). What is the highest common factor of v and 24?
8
Let i = 60 - 45. Calculate the greatest common divisor of i and 5.
5
Let c(l) = l**3 + 16*l**2 - 17*l + 2. Let q be c(-17). Suppose 0 = q*d + 5 - 33. What is the highest common factor of d and 14?
14
Let y = -10 - -11. What is the greatest common factor of 8 and y?
1
Let j(r) = -9*r - 1. Let u be j(-1). Let y be 2/u + (-526)/(-8). Suppose 5*v - y = -4*c - 13, v = 3*c - 16. Calculate the greatest common factor of 7 and c.
7
Let h be ((-4)/(-10))/(4/(-20)). Let p be ((-6)/h)/3 + 83. Calculate the highest common divisor of p and 12.
12
Let m be 2/(-4)*0/(-4). Suppose m = -2*w - 4, -3 = -r - 5*w - 11. Calculate the highest common factor of 5 and r.
1
Let q = -232 + 337. Suppose -4*j + 5*j = 15. What is the greatest common divisor of q and j?
15
Let p(y) = y**3 + 2*y**2 - y - 4. Let v be p(3). What is the greatest common factor of 95 and v?
19
Let x = 359 - 239. Suppose 2*q + 17 = -0*q + t, 2*t = q + 1. Let w = q - -26. Calculate the highest common divisor of w and x.
15
Suppose 5*x = 2*c + 78, -6 = 2*c + 2. What is the highest common divisor of x and 14?
14
Suppose 5*i - 2*r - 6 = -4, 0 = -2*i - r + 8. Let b = i + 0. Let p = 0 + b. What is the greatest common divisor of 3 and p?
1
Let n be (1 + 0 + -2)/(-1). What is the greatest common factor of n and 3?
1
Suppose 2*t = 57 + 55. Suppose -30 = -g - 16. What is the greatest common factor of t and g?
14
Let h be (-66)/(-8)*180/27. Suppose -t + 0*t + 22 = 0. What is the greatest common divisor of t and h?
11
Suppose 4*g - 8 = 4*v, -2*g + 4*v = 2 - 0. Calculate the greatest common factor of 45 and g.
5
Suppose -2 = -5*f + 73. What is the greatest common divisor of 5 and f?
5
Suppose -86*t = -79*t - 910. Calculate the greatest common divisor of t and 10.
10
Let i = 96 + -89. Calculate the highest common factor of i and 2.
1
Let t be (-106)/8 + (-5)/(-20). Let c = -3 - t. Calculate the greatest common divisor of c and 2.
2
Let x = 7 - 5. Suppose 2*r = -x*r + 40. Let d = 27 + 13. What is the highest common factor of r and d?
10
Let a be 2*(4 + -6 + 18/4). Calculate the greatest common divisor of a and 5.
5
Let k(a) = a**3 - 7*a**2 - a + 7. Let c be k(7). Suppose -z + 3 + 2 = c. Suppose 0 = -j + z + 30. Calculate the highest common divisor of j and 14.
7
Suppose a - 54 = -2*a - 2*n, -5*n = 4*a - 65. Calculate the highest common factor of a and 10.
10
Let n(d) = d**3 - 9*d**2 + 5. Let h be n(9). Suppose 2*r - 4*u = -38, -3*r - h*u = -r + 2. Let q = 35 + r. What is the highest common divisor of q and 60?
12
Suppose -2*y = -121 - 23. What is the greatest common factor of 8 and y?
8
Suppose 21 = 2*r - 1. Let i(o) = o**3 + 7*o**2 + o. Let q be i(-4). Calculate the highest common divisor of r and q.
11
Suppose -5*p = -5 - 10. Calculate the greatest common divisor of 2 and p.
1
Let h(k) = k**2 + 5*k - 6. Let a be -2*6 - (-6)/2. Let u be h(a). What is the greatest common divisor of u and 6?
6
Let l be (85 - 1 - 4)*2. What is the highest common factor of 64 and l?
32
Suppose 4*h - g = -6*g + 18, -2*h = 3*g - 10. Suppose -26 = -h*v - 6. Calculate the highest common factor of v and 30.
10
Let k = 66 + 0. What is the highest common factor of k and 11?
11
Let p(q) = -q**2 + 11*q + 26. Let z be p(10). What is the highest common factor of 36 and z?
36
Suppose -2*u + 0*u = -f - 22, 0 = 2*u + 4*f - 32. Let v = 29 + -21. Calculate the highest common divisor of u and v.
4
Let k(v) = -v + 3. Let b be k(-11). Suppose s - 4*a = 4*s - b, 0 = -a - 4. What is the highest common factor of 50 and s?
10
Suppose -2*x - 144 = -6*x. Let k be ((-36)/(-10))/((-1)/(-5)). What is the greatest common factor of 